{"id":289,"date":"2026-04-07T18:01:15","date_gmt":"2026-04-08T00:01:15","guid":{"rendered":"https:\/\/phonedepot.directorio-comercial.com\/?post_type=product&#038;p=289"},"modified":"2026-04-07T18:01:15","modified_gmt":"2026-04-08T00:01:15","slug":"iphone-12-pro-pro-max","status":"publish","type":"product","link":"https:\/\/phonedepot.directorio-comercial.com\/?product=iphone-12-pro-pro-max","title":{"rendered":"iPhone 12 Pro\/Pro Max"},"content":{"rendered":"<ul>\n<li>64 gb<\/li>\n<li>128 gb<\/li>\n<li>256 gb<\/li>\n<\/ul>\n<p>Redise\u00f1o con bordes planos, introducci\u00f3n de 5G y mejoras en fotograf\u00eda nocturna. M\u00e1s moderno y elegante.<\/p>\n","protected":false},"excerpt":{"rendered":"<p>64 gb 128 gb 256 gb Redise\u00f1o con bordes planos, introducci\u00f3n de 5G y mejoras en fotograf\u00eda nocturna. M\u00e1s moderno y elegante.<\/p>\n","protected":false},"featured_media":290,"comment_status":"open","ping_status":"closed","template":"","meta":{"_acf_changed":false},"product_brand":[],"product_cat":[15],"product_tag":[],"class_list":{"0":"post-289","1":"product","2":"type-product","3":"status-publish","4":"has-post-thumbnail","6":"product_cat-sin-categorizar","8":"first","9":"instock","10":"shipping-taxable","11":"product-type-simple"},"acf":[],"_links":{"self":[{"href":"https:\/\/phonedepot.directorio-comercial.com\/index.php?rest_route=\/wp\/v2\/product\/289","targetHints":{"allow":["GET"]}}],"collection":[{"href":"https:\/\/phonedepot.directorio-comercial.com\/index.php?rest_route=\/wp\/v2\/product"}],"about":[{"href":"https:\/\/phonedepot.directorio-comercial.com\/index.php?rest_route=\/wp\/v2\/types\/product"}],"replies":[{"embeddable":true,"href":"https:\/\/phonedepot.directorio-comercial.com\/index.php?rest_route=%2Fwp%2Fv2%2Fcomments&post=289"}],"wp:featuredmedia":[{"embeddable":true,"href":"https:\/\/phonedepot.directorio-comercial.com\/index.php?rest_route=\/wp\/v2\/media\/290"}],"wp:attachment":[{"href":"https:\/\/phonedepot.directorio-comercial.com\/index.php?rest_route=%2Fwp%2Fv2%2Fmedia&parent=289"}],"wp:term":[{"taxonomy":"product_brand","embeddable":true,"href":"https:\/\/phonedepot.directorio-comercial.com\/index.php?rest_route=%2Fwp%2Fv2%2Fproduct_brand&post=289"},{"taxonomy":"product_cat","embeddable":true,"href":"https:\/\/phonedepot.directorio-comercial.com\/index.php?rest_route=%2Fwp%2Fv2%2Fproduct_cat&post=289"},{"taxonomy":"product_tag","embeddable":true,"href":"https:\/\/phonedepot.directorio-comercial.com\/index.php?rest_route=%2Fwp%2Fv2%2Fproduct_tag&post=289"}],"curies":[{"name":"wp","href":"https:\/\/api.w.org\/{rel}","templated":true}]}}